{"id":176,"date":"2017-05-19T17:04:39","date_gmt":"2017-05-19T17:04:39","guid":{"rendered":"http:\/\/dpfc-ci.net\/?page_id=176"},"modified":"2025-09-20T08:21:32","modified_gmt":"2025-09-20T08:21:32","slug":"sankore","status":"publish","type":"page","link":"https:\/\/dpfc-ci.net\/?page_id=176","title":{"rendered":"Supports Num\u00e9riques"},"content":{"rendered":"<div id=\"pl-176\"  class=\"panel-layout\" ><div id=\"pg-176-0\"  class=\"panel-grid panel-no-style\" ><div id=\"pgc-176-0-0\"  class=\"panel-grid-cell\" ><div id=\"panel-176-0-0-0\" class=\"so-panel widget widget_sow-editor panel-first-child\" data-index=\"0\" ><div\n\t\t\t\n\t\t\tclass=\"so-widget-sow-editor so-widget-sow-editor-base\"\n\t\t\t\n\t\t>\n<div class=\"siteorigin-widget-tinymce textwidget\">\n\t<h3><span style=\"color: #0000ff;\"><b>Mat\u00e9riel n\u00e9cessaire\u00a0pour la classe num\u00e9rique:\u00a0<\/b><\/span><\/h3>\n<ul style=\"list-style-type: square;\">\n<li>vid\u00e9o-projecteur<\/li>\n<li>dispositif d'interactivit\u00e9<\/li>\n<li>logiciel tableau (<strong><a href=\"http:\/\/www.openboard.ch\/download.html\">OpenBoard<\/a><\/strong>)<\/li>\n<\/ul>\n<p><span style=\"color: #ff0000;\"><span style=\"text-decoration: underline;\">Remarque<\/span> : le logiciel tableau <strong>Open-Sankor\u00e9<\/strong> n'est plus utilis\u00e9 mais pas de diff\u00e9rence remarquable avec le nouveau logiciel tableau mis \u00e0 disposition appel\u00e9\u00a0<a style=\"color: #ff0000;\" href=\"http:\/\/www.openboard.ch\/download.html\"><strong>OpenBoard<\/strong><\/a>.\u00a0<\/span><\/p>\n<ol>\n<li><span style=\"color: #ff0000;\"><span style=\"color: #000000;\">Utilisons maintenant\u00a0<strong><a href=\"http:\/\/www.openboard.ch\/download.html\">OpenBoard<\/a>.\u00a0<\/strong><\/span><\/span><\/li>\n<li>Consultons\u00a0<a href=\"http:\/\/www.openboard.ch\/download\/Tutoriel_OpenBoard_1.4.pdf\">le manuel d'utilisation de OpenBoard<\/a><\/li>\n<\/ol>\n<\/div>\n<\/div><\/div><div id=\"panel-176-0-0-1\" class=\"so-panel widget widget_sow-editor panel-last-child\" data-index=\"1\" ><div\n\t\t\t\n\t\t\tclass=\"so-widget-sow-editor so-widget-sow-editor-base\"\n\t\t\t\n\t\t>\n<div class=\"siteorigin-widget-tinymce textwidget\">\n\t<h3><span style=\"color: #0000ff;\"><strong>Maintenance et Remplacement de pi\u00e8ces des Classes Num\u00e9riques:\u00a0<\/strong><\/span><\/h3>\n<p>Les \u00e9quipements Sankor\u00e9 sont certainement en fin de dur\u00e9e de vie. Vous constaterez cependant que les lampes, les filtres \u00e0 poussi\u00e8re, les stylets,...\u00a0 de ces vid\u00e9o-projecteurs sont en d\u00e9faillance. Pour cela, cette lucarne est ouverte pour vous assister afin et maintenir en bon fonctionnement les Classes Num\u00e9riques install\u00e9es dans les \u00e9tablissements scolaires et administratifs.<\/p>\n<\/div>\n<\/div><\/div><\/div><\/div><div id=\"pg-176-1\"  class=\"panel-grid panel-no-style\" ><div id=\"pgc-176-1-0\"  class=\"panel-grid-cell\" ><div id=\"panel-176-1-0-0\" class=\"so-panel widget widget_sow-editor panel-first-child\" data-index=\"2\" ><div\n\t\t\t\n\t\t\tclass=\"so-widget-sow-editor so-widget-sow-editor-base\"\n\t\t\t\n\t\t><h3 class=\"widget-title\">Demande de maintenance et Remplacement de pi\u00e8ces EPSON EB-455Wi<\/h3>\n<div class=\"siteorigin-widget-tinymce textwidget\">\n\t<div id=\"attachment_2208\" style=\"width: 222px\" class=\"wp-caption aligncenter\"><img aria-describedby=\"caption-attachment-2208\" loading=\"lazy\" decoding=\"async\" class=\"wp-image-2208 \" src=\"https:\/\/dpfc-ci.net\/wp-content\/uploads\/2018\/12\/v11h317-450wi-04.jpg.jpg\" alt=\"EPSON EB-455Wi\" width=\"212\" height=\"103\" \/><p id=\"caption-attachment-2208\" class=\"wp-caption-text\">EPSON EB-455Wi<\/p><\/div>\n<\/div>\n<\/div><\/div><div id=\"panel-176-1-0-1\" class=\"so-panel widget widget_sow-editor panel-last-child\" data-index=\"3\" ><div\n\t\t\t\n\t\t\tclass=\"so-widget-sow-editor so-widget-sow-editor-base\"\n\t\t\t\n\t\t><h3 class=\"widget-title\">T\u00e9l\u00e9commande, C\u00e2bles pour EPSON EB-455Wi<\/h3>\n<div class=\"siteorigin-widget-tinymce textwidget\">\n\t<div id=\"attachment_2111\" style=\"width: 237px\" class=\"wp-caption aligncenter\"><img aria-describedby=\"caption-attachment-2111\" loading=\"lazy\" decoding=\"async\" class=\"wp-image-2111 \" src=\"https:\/\/dpfc-ci.net\/wp-content\/uploads\/2018\/11\/instal8-150x150.jpg\" alt=\"T\u00e9l\u00e9commande, C\u00e2bles (5m\/10m\/20m): audio,\u00a0 alimentation \u00e9lectrique, USB-display\/interactif, HDMI, VGA, ...\" width=\"227\" height=\"227\" data-id=\"2111\" srcset=\"https:\/\/dpfc-ci.net\/wp-content\/uploads\/2018\/11\/instal8-150x150.jpg 150w, https:\/\/dpfc-ci.net\/wp-content\/uploads\/2018\/11\/instal8-300x300.jpg 300w, https:\/\/dpfc-ci.net\/wp-content\/uploads\/2018\/11\/instal8-768x768.jpg 768w, https:\/\/dpfc-ci.net\/wp-content\/uploads\/2018\/11\/instal8-1024x1024.jpg 1024w, https:\/\/dpfc-ci.net\/wp-content\/uploads\/2018\/11\/instal8-270x270.jpg 270w, https:\/\/dpfc-ci.net\/wp-content\/uploads\/2018\/11\/instal8.jpg 1600w\" sizes=\"auto, (max-width: 227px) 100vw, 227px\" \/><p id=\"caption-attachment-2111\" class=\"wp-caption-text\">T\u00e9l\u00e9commande, C\u00e2bles (5m\/10m\/20m): audio,\u00a0 alimentation \u00e9lectrique, USB-display\/interactif, HDMI, VGA, ...<\/p><\/div>\n<\/div>\n<\/div><\/div><\/div><div id=\"pgc-176-1-1\"  class=\"panel-grid-cell\" ><div id=\"panel-176-1-1-0\" class=\"so-panel widget widget_sow-editor panel-first-child\" data-index=\"4\" ><div\n\t\t\t\n\t\t\tclass=\"so-widget-sow-editor so-widget-sow-editor-base\"\n\t\t\t\n\t\t><h3 class=\"widget-title\">Stylets &amp; Lampes\u00a0- ELPLP57 (V13H010L57)<\/h3>\n<div class=\"siteorigin-widget-tinymce textwidget\">\n\t<div id=\"attachment_2107\" style=\"width: 208px\" class=\"wp-caption aligncenter\"><a href=\"https:\/\/dpfc-ci.net\/wp-content\/uploads\/2018\/11\/EB.jpg\"><img aria-describedby=\"caption-attachment-2107\" loading=\"lazy\" decoding=\"async\" class=\"wp-image-2107 \" src=\"https:\/\/dpfc-ci.net\/wp-content\/uploads\/2018\/11\/EB-150x150.jpg\" alt=\"Lampe\u00a0- ELPLP57 (V13H010L57)\" width=\"198\" height=\"198\" data-id=\"2107\" \/><\/a><p id=\"caption-attachment-2107\" class=\"wp-caption-text\">Lampe\u00a0- ELPLP57 (V13H010L57)<\/p><\/div>\n<div id=\"attachment_2108\" style=\"width: 223px\" class=\"wp-caption aligncenter\"><a href=\"https:\/\/dpfc-ci.net\/wp-content\/uploads\/2018\/11\/0000000-d509e883-elppn02.jpg.jpg\"><img aria-describedby=\"caption-attachment-2108\" loading=\"lazy\" decoding=\"async\" class=\"wp-image-2108\" src=\"https:\/\/dpfc-ci.net\/wp-content\/uploads\/2018\/11\/0000000-d509e883-elppn02.jpg-46x150.jpg\" alt=\"Stylets\" width=\"213\" height=\"65\" data-id=\"2108\" \/><\/a><p id=\"caption-attachment-2108\" class=\"wp-caption-text\">Stylets<\/p><\/div>\n<\/div>\n<\/div><\/div><div id=\"panel-176-1-1-1\" class=\"so-panel widget widget_sow-editor panel-last-child\" data-index=\"5\" ><div\n\t\t\t\n\t\t\tclass=\"so-widget-sow-editor so-widget-sow-editor-base\"\n\t\t\t\n\t\t><h3 class=\"widget-title\">Filtre \u00e0 poussi\u00e8re - ELPAF34 (V13H134A34)<\/h3>\n<div class=\"siteorigin-widget-tinymce textwidget\">\n\t<div id=\"attachment_2106\" style=\"width: 256px\" class=\"wp-caption aligncenter\"><a href=\"https:\/\/dpfc-ci.net\/wp-content\/uploads\/2018\/11\/filtre-poussiere.jpg\"><img aria-describedby=\"caption-attachment-2106\" loading=\"lazy\" decoding=\"async\" class=\"wp-image-2106\" src=\"https:\/\/dpfc-ci.net\/wp-content\/uploads\/2018\/11\/filtre-poussiere-150x150.jpg\" alt=\"Filtre \u00e0 poussi\u00e8re - ELPAF34 (V13H134A34)\u00a0\" width=\"246\" height=\"246\" data-id=\"2106\" srcset=\"https:\/\/dpfc-ci.net\/wp-content\/uploads\/2018\/11\/filtre-poussiere-150x150.jpg 150w, https:\/\/dpfc-ci.net\/wp-content\/uploads\/2018\/11\/filtre-poussiere.jpg 218w\" sizes=\"auto, (max-width: 246px) 100vw, 246px\" \/><\/a><p id=\"caption-attachment-2106\" class=\"wp-caption-text\">Filtre \u00e0 poussi\u00e8re - ELPAF34 (V13H134A34)<\/p><\/div>\n<\/div>\n<\/div><\/div><\/div><\/div><\/div>","protected":false},"excerpt":{"rendered":"<p>Mat\u00e9riel n\u00e9cessaire\u00a0pour la classe num\u00e9rique:\u00a0 vid\u00e9o-projecteur dispositif d&rsquo;interactivit\u00e9 logiciel tableau (OpenBoard) Remarque : le logiciel tableau Open-Sankor\u00e9 n&rsquo;est plus utilis\u00e9 mais pas de diff\u00e9rence remarquable avec le nouveau logiciel tableau mis \u00e0 disposition appel\u00e9\u00a0OpenBoard.\u00a0 Utilisons maintenant\u00a0OpenBoard.\u00a0 Consultons\u00a0le manuel d&rsquo;utilisation de OpenBoard Maintenance et Remplacement de pi\u00e8ces des Classes Num\u00e9riques:\u00a0 Les \u00e9quipements Sankor\u00e9 sont certainement en [&hellip;]<\/p>\n","protected":false},"author":1,"featured_media":0,"parent":169,"menu_order":0,"comment_status":"closed","ping_status":"closed","template":"","meta":{"footnotes":""},"class_list":["post-176","page","type-page","status-publish","hentry"],"_links":{"self":[{"href":"https:\/\/dpfc-ci.net\/index.php?rest_route=\/wp\/v2\/pages\/176","targetHints":{"allow":["GET"]}}],"collection":[{"href":"https:\/\/dpfc-ci.net\/index.php?rest_route=\/wp\/v2\/pages"}],"about":[{"href":"https:\/\/dpfc-ci.net\/index.php?rest_route=\/wp\/v2\/types\/page"}],"author":[{"embeddable":true,"href":"https:\/\/dpfc-ci.net\/index.php?rest_route=\/wp\/v2\/users\/1"}],"replies":[{"embeddable":true,"href":"https:\/\/dpfc-ci.net\/index.php?rest_route=%2Fwp%2Fv2%2Fcomments&post=176"}],"version-history":[{"count":73,"href":"https:\/\/dpfc-ci.net\/index.php?rest_route=\/wp\/v2\/pages\/176\/revisions"}],"predecessor-version":[{"id":5300,"href":"https:\/\/dpfc-ci.net\/index.php?rest_route=\/wp\/v2\/pages\/176\/revisions\/5300"}],"up":[{"embeddable":true,"href":"https:\/\/dpfc-ci.net\/index.php?rest_route=\/wp\/v2\/pages\/169"}],"wp:attachment":[{"href":"https:\/\/dpfc-ci.net\/index.php?rest_route=%2Fwp%2Fv2%2Fmedia&parent=176"}],"curies":[{"name":"wp","href":"https:\/\/api.w.org\/{rel}","templated":true}]}}