{"id":105,"date":"2017-05-18T18:49:38","date_gmt":"2017-05-18T18:49:38","guid":{"rendered":"http:\/\/dpfc-ci.net\/?page_id=105"},"modified":"2017-12-08T19:24:29","modified_gmt":"2017-12-08T19:24:29","slug":"sous-directions","status":"publish","type":"page","link":"https:\/\/dpfc-ci.net\/?page_id=105","title":{"rendered":"Sous-Directions"},"content":{"rendered":"<p style=\"text-align: left;\">Selon le d\u00e9cret N\u00b02004 \u2013 564 du 07 octobre 2004, portant organisation du Minist\u00e8re de l\u2019Education Nationale\u00a0; en son chapitre 3, Article 13, la <strong>Direction de la P\u00e9dagogie et de la Formation Continue<\/strong> est charg\u00e9e de\u00a0:<\/p>\n<ul>\n<li>la gestion et du suivi de la mise en \u0153uvre des activit\u00e9s p\u00e9dagogiques dans l\u2019enseignement maternel, primaire et secondaire\u00a0;<\/li>\n<li>l\u2019encadrement p\u00e9dagogique des enseignants de la maternelle, du primaire, du secondaire et des CAFOP\u00a0;<\/li>\n<li>la d\u00e9finition des curricula \u00e0 travers l\u2019\u00e9laboration des programmes p\u00e9dagogiques de la maternelle, du primaire,\u00a0 du secondaire\u00a0et des CAFOP, en mettant en \u00e9vidence les diff\u00e9rents profils d\u2019entr\u00e9e et de sortie pour chaque degr\u00e9 d\u2019enseignement\u00a0;<\/li>\n<li>l\u2019int\u00e9gration de l\u2019information en mati\u00e8re de VIH\/SIDA dans les programmes p\u00e9dagogiques de la maternelle, du primaire, du secondaire et des CAFOP\u00a0;<\/li>\n<li>la conception, de la production et de la diffusion de la documentation p\u00e9dagogique, des manuels scolaires et des mat\u00e9riels didactiques\u00a0;<\/li>\n<li>l\u2019op\u00e9rationnalisation et du suivi de la politique de gratuit\u00e9 de l\u2019\u00e9cole \u00e0 travers la mise \u00e0 disposition des manuels scolaires, en liaison avec la DAF\u00a0;<\/li>\n<li>l\u2019\u00e9laboration, de l\u2019exp\u00e9rimentation et de la promotion des programmes d\u2019enseignement en langues nationales\u00a0;<\/li>\n<li>la coordination des activit\u00e9s du projet Ecoles Int\u00e9gr\u00e9es\u00a0;<\/li>\n<li>la formation continue des personnels enseignants, administratifs et d\u2019encadrement p\u00e9dagogique.<\/li>\n<\/ul>\n<p>Elle comprend trois Sous Directions\u00a0:<\/p>\n<ul style=\"list-style-type: square;\">\n<li>la Sous-Direction des Programmes P\u00e9dagogiques, des Mat\u00e9riels Didactiques et des Biblioth\u00e8ques Scolaires;<\/li>\n<li>la Sous-Direction de la Formation P\u00e9dagogique Continue;<\/li>\n<li>la Sous-Direction des Innovations P\u00e9dagogiques.<\/li>\n<\/ul>\n","protected":false},"excerpt":{"rendered":"<p>Selon le d\u00e9cret N\u00b02004 \u2013 564 du 07 octobre 2004, portant organisation du Minist\u00e8re de l\u2019Education Nationale\u00a0; en son chapitre 3, Article 13, la Direction de la P\u00e9dagogie et de la Formation Continue est charg\u00e9e de\u00a0: la gestion et du suivi de la mise en \u0153uvre des activit\u00e9s p\u00e9dagogiques dans l\u2019enseignement maternel, primaire et secondaire\u00a0; [&hellip;]<\/p>\n","protected":false},"author":1,"featured_media":0,"parent":99,"menu_order":0,"comment_status":"closed","ping_status":"closed","template":"","meta":{"footnotes":""},"class_list":["post-105","page","type-page","status-publish","hentry"],"_links":{"self":[{"href":"https:\/\/dpfc-ci.net\/index.php?rest_route=\/wp\/v2\/pages\/105","targetHints":{"allow":["GET"]}}],"collection":[{"href":"https:\/\/dpfc-ci.net\/index.php?rest_route=\/wp\/v2\/pages"}],"about":[{"href":"https:\/\/dpfc-ci.net\/index.php?rest_route=\/wp\/v2\/types\/page"}],"author":[{"embeddable":true,"href":"https:\/\/dpfc-ci.net\/index.php?rest_route=\/wp\/v2\/users\/1"}],"replies":[{"embeddable":true,"href":"https:\/\/dpfc-ci.net\/index.php?rest_route=%2Fwp%2Fv2%2Fcomments&post=105"}],"version-history":[{"count":30,"href":"https:\/\/dpfc-ci.net\/index.php?rest_route=\/wp\/v2\/pages\/105\/revisions"}],"predecessor-version":[{"id":1633,"href":"https:\/\/dpfc-ci.net\/index.php?rest_route=\/wp\/v2\/pages\/105\/revisions\/1633"}],"up":[{"embeddable":true,"href":"https:\/\/dpfc-ci.net\/index.php?rest_route=\/wp\/v2\/pages\/99"}],"wp:attachment":[{"href":"https:\/\/dpfc-ci.net\/index.php?rest_route=%2Fwp%2Fv2%2Fmedia&parent=105"}],"curies":[{"name":"wp","href":"https:\/\/api.w.org\/{rel}","templated":true}]}}